t w = c - 952. What is the units digit of w?
6
Suppose -58581 - 82759 = -10*j. What is the tens digit of j?
3
Suppose 557979 + 654351 = 15*k. What is the hundreds digit of k?
8
Let y(s) = 9*s**2 + 354*s + 56. What is the thousands digit of y(54)?
5
Let m = -2565 + 1261. Let p = m - -3151. What is the thousands digit of p?
1
Suppose 0 = -32*h - h + 60*h - 1050300. What is the ten thousands digit of h?
3
Let j(w) = 1294*w - 2268. What is the thousands digit of j(20)?
3
Let w = 20343 + -7120. What is the tens digit of w?
2
Let y = -659 - -28757. What is the thousands digit of y?
8
Let c(y) = 2*y**2 - 9*y + 13. Let k(r) = -2*r**2 + 10*r - 14. Let v(m) = -6*c(m) - 7*k(m). What is the hundreds digit of v(-8)?
2
Let k(l) = -l**3 + 22*l**2 - 42*l + 45. Let s be k(20). Suppose -s*u = 5*r - 330, 3*u + 2*r = 4*r + 173. What is the tens digit of u?
6
Let z(b) = 3*b - 15 - 16 + 4. Let r be z(10). Suppose -5*m + r*m = -30. What is the units digit of m?
5
Suppose 0 = 4*a - 21 + 41, -4*j - a = -55. Suppose 0 = -j*p + 421 + 5489. What is the tens digit of p?
9
Suppose -5*a = 5*t, -4*t = 3*a + 4 - 0. Suppose 0 = -8*r + 51*r - 8388 - 9672. Suppose -5*p + r = -p + 4*v, 4 = a*v. What is the units digit of p?
4
Let y(v) = 36 + v**2 - 7 + v**2 + 2*v. What is the units digit of y(13)?
3
Let v = -42 - -46. Suppose 2*o - c - 200 = 0, v*o + 4*c = o + 300. What is the units digit of o/(-6)*(-264)/55?
0
Let j(x) = -x + 11. Let z be j(9). Suppose -z*n + 0 = -4. Let y(d) = 3*d**3 + 2*d**2 + d. What is the units digit of y(n)?
4
Suppose -153 = -5*z + 8*z. Let u = -49 - z. Suppose -2*f + u*j - 110 = -4*f, -5*j + 71 = f. What is the tens digit of f?
5
Let u(k) = 121*k + 2591. What is the hundreds digit of u(34)?
7
Let g(k) = -k**3 + 8*k**2 - 12*k - 5. Let a(p) = -3*p - 34. Let l be a(-13). Let s be g(l). Suppose -s*u + 1316 = -3*u. What is the units digit of u?
8
Suppose -10720 + 30430 = 4*g + 3*b, 8 = -4*b. What is the units digit of g?
9
Suppose 3*k = 5*g + 1 - 37, 4*g = -4*k - 16. Let z be -7*(-584)/k*6/(-4). What is the tens digit of z/9 + 1/(-3)?
9
Suppose -3*t + 21488 = -88*r + 90*r, 5*r - 3*t - 53762 = 0. What is the units digit of r?
0
Suppose -889814 = -117*o + 1605787 + 1139355. What is the units digit of o?
8
Let r(m) = 3*m**3 - m**2 - 2*m + 4. Let a = 1 + -4. Let q be r(a). Let j = q + 153. What is the tens digit of j?
7
What is the hundreds digit of (-1 - 3)*(-2750 - -69)?
7
Let v(q) = q**3 - 5*q**2 - 3*q + 8. Let i be v(5). Let s be i + 4 + 19 - 4. Suppose 3 = 2*j + 5*x - 120, 4*x - s = 0. What is the units digit of j?
4
Let m(a) = -3*a**3 - 16*a**2 - 95*a - 192. What is the thousands digit of m(-16)?
9
Let l be 12*10/50*10/6. Suppose l*q - 84 = -44. Suppose 8*d = q*d - 256. What is the hundreds digit of d?
1
Let l be (-1144)/(-22) + -1*(0 + 1). Suppose -l*b = -8*b - 27864. What is the units digit of b?
8
Suppose -4*l - 6709 = -4*i + 11483, -i + 3*l = -4542. What is the tens digit of i?
5
Let f be (-6)/(-10) + (-5)/(-25)*-3. Suppose -199 = 2*h + d, f = 2*h - 0*h - d + 197. Let r = -19 - h. What is the units digit of r?
0
Let o(u) = -2*u**3 + 45*u**2 + 22*u + 30. Let q be o(23). Let g(w) = -w + 2. Let c be g(-9). What is the tens digit of c*(122/14 + 2/q)?
9
Let l(x) be the third derivative of -x**4/2 + 35*x**3/3 + 158*x**2. What is the hundreds digit of l(-4)?
1
Let l(b) = 1351*b**2 + 12*b - 4. Let y be l(-9). What is the units digit of 28/(-15) + 2 + y/345?
7
Let g be 4 + (-7)/((-7)/6044). Suppose 0 = 11*m + 10*m - g. What is the tens digit of m?
8
Let z(p) = -36*p**3 - 2*p**2 + 5*p + 20. Let o = -207 + 204. What is the hundreds digit of z(o)?
9
Let z(b) = -59*b + 1616. What is the hundreds digit of z(-59)?
0
Let o = -39 + 73. Suppose 35 = p + 5*w, p + w + 7 = o. Let m = p + 15. What is the units digit of m?
0
Suppose 0 = -30*h + 138978 + 35202. Suppose -9*s + h + 9350 = 0. What is the hundreds digit of s?
6
Let o(r) = r**2 - 7*r + 18. Let t be o(5). Suppose 0 = -0*c + 2*c - 2*p + t, 3*p = 0. What is the units digit of (-7)/((4/15)/c)?
5
Suppose -3*g + 4*k = k - 1170, -4*g = k - 1585. Let y = g - -75. What is the hundreds digit of y?
4
Suppose 16 = 14*x - 16*x. Let b = -4 - x. Suppose b*c - 118 = 3*c + 3*z, 4*c + 3*z = 547. What is the units digit of c?
3
Let k = 241 + -240. What is the units digit of (51 - 507)*(-2)/4*k?
8
Let n(m) = -m - 2. Let g be n(0). What is the hundreds digit of (-70)/g*2695/77?
2
Suppose 0*p = 4*p - 16. Let a(h) = 2*h**2 + 32*h + 233. Let f be a(-17). Suppose 4*k - f = d, p*k = 2*k - d + 135. What is the tens digit of k?
6
Let p(l) = -l**3 - l**2 + 6*l - 5. Let d be p(-5). Let o(t) = -139*t - 14 + 6 - d*t. What is the hundreds digit of o(-1)?
1
Let j(u) = -36*u**3 + u**2 + 8*u + 18. Let s be 8/(-32) - 66/24. What is the units digit of j(s)?
5
Let r(u) = -u**3 - 20*u**2 - 4*u - 24. Suppose 60 = 7*l - 10*l. Let o be r(l). Suppose -b = -x + o + 48, -b = -2*x + 211. What is the units digit of x?
7
Let c(x) = -x**3 - 26*x**2 - 72*x - 915. What is the tens digit of c(-35)?
3
What is the hundreds digit of (140/(-50) - -2) + (-226976)/(-20)?
3
Suppose -4*y + 2302 = -3*k, 16*y = 11*y + 5. Let g = k - -1359. What is the units digit of g?
3
Let a(s) = 5*s + 27. Let z be a(-5). Let g be -1 + -3 + -1 + 1 + z. What is the tens digit of ((-109)/g)/(1 + (-2)/4)?
0
Suppose 2*x + 8 = 0, -116*r - x - 132154 = -121*r. What is the tens digit of r?
3
Let s = -4499 - -8425. What is the units digit of s?
6
Suppose -5*f - 3*w + 51629 = 0, -3072*f + 2*w + 20658 = -3070*f. What is the hundreds digit of f?
3
Let b(k) = k**2 + 2*k + 3. Let p be b(0). Suppose p*z = -6*z + 639. What is the tens digit of z?
7
Let m be (-18)/45 - (-874)/10. Let x = -42 + m. Suppose r = x - 5. What is the tens digit of r?
4
Suppose -f - 72 = 3*f. Let m = f + 736. Suppose 0 = -5*h + 507 + m. What is the tens digit of h?
4
Suppose -5860 = 88*i - 83*i. Let w = i + 1802. Suppose -9*y - w = -12*y. What is the hundreds digit of y?
2
Suppose -8 = 2*i, 4*i + 17243 + 7049 = 4*x. What is the units digit of x?
9
Let b = 3859 + -3844. What is the units digit of b?
5
Suppose -7*y + 12 = -10*y. Let i be y*(-2)/4*(-1155)/(-22). Suppose 6*t - 11*t = -i. What is the tens digit of t?
2
Suppose 0 = -t + 4*r + 7, t = r + 3 + 7. Suppose 1490 = t*o - o. What is the units digit of o?
9
Let d(v) = -37*v - 39. Let g be d(-10). Suppose 11*r + g - 15896 = 0. What is the thousands digit of r?
1
Suppose 13151 = 101*k - 100*k + 5*l, 0 = -3*l. What is the tens digit of k?
5
Let l = 67641 + -27986. What is the ten thousands digit of l?
3
Let i(z) = -z**3 + 5*z**2 - 5*z + 5. Let k = -27 - -31. Let f be i(k). What is the tens digit of f/5 + 1/5*309?
6
Suppose 2*t - 4*z = -7*z + 18, 5 = -t + 2*z. Suppose -5*i - 5*j = -545, -t*i + 6*i + 5*j = 333. What is the hundreds digit of i?
1
Let t be 2061/54 - 3/18. Suppose -t*a - 256 = -39*a. What is the hundreds digit of a?
2
Let p(v) = -5612*v**3 - 23*v - 23. What is the hundreds digit of p(-1)?
6
Let i = 10 + -5. Let q(r) = 3*r + 119199 - 2*r + 7*r - 119194. What is the tens digit of q(i)?
4
Let z = 40 - 74. Suppose f - 5*f = -h - 487, -5*f + 4*h + 595 = 0. Let o = z + f. What is the tens digit of o?
8
Let k(o) = 30*o**3 - 10*o**2 - 5*o + 505. What is the hundreds digit of k(12)?
8
Let l(a) = -a**3 - 5*a**2 - 7*a - 6. Let j be l(-5). Let f(h) = -12*h**2 - 69*h - 5. Let v be f(-4). Let d = v - j. What is the units digit of d?
0
Suppose -1947858 + 10388836 = 91*c. What is the thousands digit of c?
2
Let r(a) be the first derivative of -1/4*a**4 - 26 + a**2 - 4/3*a**3 - 8*a. What is the tens digit of r(-7)?
2
Suppose 5*j + 7 = -3, 0 = 3*n + 5*j - 16103. What is the units digit of n?
1
Suppose 26*m - 136214 = 379574. What is the ten thousands digit of m?
1
What is the ten thousands digit of 9/(-27) + 465198/18 - (-1 + -2)?
2
Suppose 0 = 4*r + 4*w - 28, 0 = 5*r + 2*w - 0*w - 26. Suppose -g = -2*i + 756, 4*g = r*i - i - 1134. What is the hundreds digit of i/2 - (3 - 3 - -1)?
1
Let d = -42 + 46. Suppose -d*t + 4132 = 4*g, 436 = 2*g - 5*t - 1602. What is the thousands digit of g?
1
Suppose -2*c - 517 = -3*c. Suppose 14*b - 225 - c = 0. What is the tens digit of b?
5
Let m(b) = -8*b - 101. Let u be m(-13). Suppose 0 = u*z - 1423 - 317. What is the hundreds digit of z?
5
Let p(v) = 